{"id":15,"date":"2026-01-07T11:52:43","date_gmt":"2026-01-07T10:52:43","guid":{"rendered":"https:\/\/artemis79.fr\/?page_id=15"},"modified":"2026-03-11T14:47:50","modified_gmt":"2026-03-11T13:47:50","slug":"entretien-jardin","status":"publish","type":"page","link":"https:\/\/artemis79.fr\/index.php\/entretien-jardin\/","title":{"rendered":"Entretien de jardin"},"content":{"rendered":"\n<div class=\"wp-block-media-text is-stacked-on-mobile\" style=\"border-top-left-radius:0px;border-top-right-radius:0px;border-bottom-left-radius:0px;border-bottom-right-radius:0px;grid-template-columns:32% auto\"><figure class=\"wp-block-media-text__media\"><img decoding=\"async\" src=\"https:\/\/artemis79.fr\/wp-content\/uploads\/2026\/01\/Creation-exterieur-1.svg\" alt=\"\" class=\"wp-image-223 size-full\"\/><\/figure><div class=\"wp-block-media-text__content\">\n<h3 class=\"wp-block-heading\">Profitez de votre jardin sans vous pr\u00e9occuper de son entretien !<\/h3>\n\n\n\n<p>Mes services, dont une majorit\u00e9 est \u00e9ligible au cr\u00e9dit d&rsquo;imp\u00f4t, s&rsquo;adaptent \u00e0 votre ext\u00e9rieur. <br><br>Le r\u00e8glement des prestations \u00e9ligibles au cr\u00e9dit d&rsquo;imp\u00f4t est possible par CESU pr\u00e9financ\u00e9s.<br>Je propose \u00e9galement l&rsquo;avance imm\u00e9diate sur cr\u00e9dit d&rsquo;imp\u00f4t. <br>L&rsquo;avance imm\u00e9diate de cr\u00e9dit d&rsquo;imp\u00f4t n&rsquo;est pas un service obligatoire et est mis en place par l&rsquo;URSAFF et la Direction G\u00e9n\u00e9rale des Finances Publiques.<\/p>\n\n\n\n<p><\/p>\n<\/div><\/div>\n\n\n\n<div class=\"wp-block-columns is-layout-flex wp-container-core-columns-is-layout-28f84493 wp-block-columns-is-layout-flex\">\n<div class=\"wp-block-column has-palette-color-8-background-color has-background is-layout-flow wp-block-column-is-layout-flow\" style=\"border-style:none;border-width:0px;border-top-left-radius:16px;border-top-right-radius:16px;border-bottom-left-radius:16px;border-bottom-right-radius:16px;padding-top:var(--wp--preset--spacing--40);padding-right:var(--wp--preset--spacing--40);padding-bottom:var(--wp--preset--spacing--40);padding-left:var(--wp--preset--spacing--40);flex-basis:50%\">\n<h5 class=\"wp-block-heading has-text-align-center\">Entretien de jardin \u00e9ligible au cr\u00e9dit d&rsquo;imp\u00f4t<\/h5>\n\n\n\n<div class=\"wp-block-columns is-layout-flex wp-container-core-columns-is-layout-28f84493 wp-block-columns-is-layout-flex\">\n<div class=\"wp-block-column is-layout-flow wp-block-column-is-layout-flow\" style=\"flex-basis:66.66%\">\n<ul class=\"wp-block-list\">\n<li>Tonte de pelouse avec finitions au coupe-bordure<\/li>\n\n\n\n<li>Taille de haies, arbustes et autres v\u00e9g\u00e9taux<\/li>\n\n\n\n<li>D\u00e9sherbage, d\u00e9broussaillage l\u00e9ger<\/li>\n\n\n\n<li>Nettoyage haute pression (terrasse, all\u00e9e pav\u00e9e, etc.)<\/li>\n\n\n\n<li>Ramassage de feuilles<\/li>\n\n\n\n<li>Nettoyage de massifs<\/li>\n\n\n\n<li>Dessouchage manuel<\/li>\n\n\n\n<li>\u00c9vacuation des d\u00e9chets li\u00e9s \u00e0 l&rsquo;entretien<\/li>\n\n\n\n<li>Nettoyage de mobilier et d&rsquo;abri de jardin<\/li>\n\n\n\n<li>Entretien de terrasse en bois<\/li>\n<\/ul>\n<\/div>\n\n\n\n<div class=\"wp-block-column is-layout-flow wp-block-column-is-layout-flow\" style=\"flex-basis:33.33%\">\n<figure class=\"wp-block-gallery has-nested-images columns-default is-cropped wp-block-gallery-1 is-layout-flex wp-block-gallery-is-layout-flex\">\n<figure class=\"wp-block-image size-large\" style=\"margin-top:var(--wp--preset--spacing--50);margin-right:var(--wp--preset--spacing--60);margin-bottom:var(--wp--preset--spacing--50);margin-left:var(--wp--preset--spacing--60)\"><img loading=\"lazy\" decoding=\"async\" width=\"1024\" height=\"754\" data-id=\"392\" src=\"https:\/\/artemis79.fr\/wp-content\/uploads\/2026\/02\/sap-transparent-6-1024x754.png\" alt=\"\" class=\"wp-image-392\"\/><\/figure>\n<\/figure>\n<\/div>\n<\/div>\n<\/div>\n\n\n\n<div class=\"wp-block-column has-palette-color-6-background-color has-background is-layout-flow wp-block-column-is-layout-flow\" style=\"border-top-left-radius:16px;border-top-right-radius:16px;border-bottom-left-radius:16px;border-bottom-right-radius:16px;padding-top:var(--wp--preset--spacing--40);padding-right:var(--wp--preset--spacing--40);padding-bottom:var(--wp--preset--spacing--40);padding-left:var(--wp--preset--spacing--40);flex-basis:50%\">\n<h5 class=\"wp-block-heading has-text-align-center\">Entretien de jardin non \u00e9ligible au cr\u00e9dit d&rsquo;imp\u00f4t<\/h5>\n\n\n\n<div class=\"wp-block-group is-nowrap is-layout-flex wp-container-core-group-is-layout-81943dc8 wp-block-group-is-layout-flex\" style=\"margin-top:var(--wp--preset--spacing--20);margin-bottom:var(--wp--preset--spacing--20)\">\n<ul class=\"wp-block-list\">\n<li>Nettoyage de goutti\u00e8res<\/li>\n\n\n\n<li>Nettoyage de fa\u00e7ade<\/li>\n<\/ul>\n<\/div>\n\n\n\n<hr class=\"wp-block-separator has-alpha-channel-opacity\"\/>\n\n\n\n<p>Je propose \u00e9galement des prestations d&rsquo;am\u00e9nagements ext\u00e9rieurs (installation d&rsquo;abri de jardin, pose de cl\u00f4ture, installation de bacs et jardini\u00e8res en bois, pose de terrasse en bois).<\/p>\n\n\n\n<div class=\"wp-block-buttons is-content-justification-center is-layout-flex wp-container-core-buttons-is-layout-06fdf436 wp-block-buttons-is-layout-flex\" style=\"margin-top:0;margin-bottom:0;padding-top:0;padding-bottom:0\">\n<div class=\"wp-block-button\"><a class=\"wp-block-button__link wp-element-button\" href=\"https:\/\/artemis79.fr\/index.php\/creation-exterieure\/\">Voir les am\u00e9nagements ext\u00e9rieurs<\/a><\/div>\n<\/div>\n<\/div>\n<\/div>\n\n\n\n<p><\/p>\n","protected":false},"excerpt":{"rendered":"<p>Profitez de votre jardin sans vous pr\u00e9occuper de son entretien ! Mes services, dont une majorit\u00e9 est \u00e9ligible au cr\u00e9dit d&rsquo;imp\u00f4t, s&rsquo;adaptent \u00e0 votre ext\u00e9rieur. Le r\u00e8glement des prestations \u00e9ligibles au cr\u00e9dit d&rsquo;imp\u00f4t est possible par CESU pr\u00e9financ\u00e9s.Je propose \u00e9galement l&rsquo;avance imm\u00e9diate sur cr\u00e9dit d&rsquo;imp\u00f4t. L&rsquo;avance imm\u00e9diate de cr\u00e9dit d&rsquo;imp\u00f4t n&rsquo;est pas un service obligatoire [&hellip;]<\/p>\n","protected":false},"author":1,"featured_media":0,"parent":0,"menu_order":1,"comment_status":"closed","ping_status":"closed","template":"","meta":{"footnotes":""},"class_list":["post-15","page","type-page","status-publish","hentry"],"blocksy_meta":[],"_links":{"self":[{"href":"https:\/\/artemis79.fr\/index.php\/wp-json\/wp\/v2\/pages\/15","targetHints":{"allow":["GET"]}}],"collection":[{"href":"https:\/\/artemis79.fr\/index.php\/wp-json\/wp\/v2\/pages"}],"about":[{"href":"https:\/\/artemis79.fr\/index.php\/wp-json\/wp\/v2\/types\/page"}],"author":[{"embeddable":true,"href":"https:\/\/artemis79.fr\/index.php\/wp-json\/wp\/v2\/users\/1"}],"replies":[{"embeddable":true,"href":"https:\/\/artemis79.fr\/index.php\/wp-json\/wp\/v2\/comments?post=15"}],"version-history":[{"count":46,"href":"https:\/\/artemis79.fr\/index.php\/wp-json\/wp\/v2\/pages\/15\/revisions"}],"predecessor-version":[{"id":517,"href":"https:\/\/artemis79.fr\/index.php\/wp-json\/wp\/v2\/pages\/15\/revisions\/517"}],"wp:attachment":[{"href":"https:\/\/artemis79.fr\/index.php\/wp-json\/wp\/v2\/media?parent=15"}],"curies":[{"name":"wp","href":"https:\/\/api.w.org\/{rel}","templated":true}]}}

<div class="wp-block-media-text is-stacked-on-mobile" style="border-top-left-radius:0px;border-top-right-radius:0px;border-bottom-left-radius:0px;border-bottom-right-radius:0px;grid-template-columns:32% auto"><figure class="wp-block-media-text__media"><img decoding="async" src="https://artemis79.fr/wp-content/uploads/2026/01/Creation-exterieur-1.svg" alt="" class="wp-image-223 size-full"/></figure><div class="wp-block-media-text__content">
<h3 class="wp-block-heading">Profitez de votre jardin sans vous préoccuper de son entretien !</h3>



<p>Mes services, dont une majorité est éligible au crédit d&rsquo;impôt, s&rsquo;adaptent à votre extérieur. <br><br>Le règlement des prestations éligibles au crédit d&rsquo;impôt est possible par CESU préfinancés.<br>Je propose également l&rsquo;avance immédiate sur crédit d&rsquo;impôt. <br>L&rsquo;avance immédiate de crédit d&rsquo;impôt n&rsquo;est pas un service obligatoire et est mis en place par l&rsquo;URSAFF et la Direction Générale des Finances Publiques.</p>



<p></p>
</div></div>



<div class="wp-block-columns is-layout-flex wp-container-core-columns-is-layout-28f84493 wp-block-columns-is-layout-flex">
<div class="wp-block-column has-palette-color-8-background-color has-background is-layout-flow wp-block-column-is-layout-flow" style="border-style:none;border-width:0px;border-top-left-radius:16px;border-top-right-radius:16px;border-bottom-left-radius:16px;border-bottom-right-radius:16px;padding-top:var(--wp--preset--spacing--40);padding-right:var(--wp--preset--spacing--40);padding-bottom:var(--wp--preset--spacing--40);padding-left:var(--wp--preset--spacing--40);flex-basis:50%">
<h5 class="wp-block-heading has-text-align-center">Entretien de jardin éligible au crédit d&rsquo;impôt</h5>



<div class="wp-block-columns is-layout-flex wp-container-core-columns-is-layout-28f84493 wp-block-columns-is-layout-flex">
<div class="wp-block-column is-layout-flow wp-block-column-is-layout-flow" style="flex-basis:66.66%">
<ul class="wp-block-list">
<li>Tonte de pelouse avec finitions au coupe-bordure</li>



<li>Taille de haies, arbustes et autres végétaux</li>



<li>Désherbage, débroussaillage léger</li>



<li>Nettoyage haute pression (terrasse, allée pavée, etc.)</li>



<li>Ramassage de feuilles</li>



<li>Nettoyage de massifs</li>



<li>Dessouchage manuel</li>



<li>Évacuation des déchets liés à l&rsquo;entretien</li>



<li>Nettoyage de mobilier et d&rsquo;abri de jardin</li>



<li>Entretien de terrasse en bois</li>
</ul>
</div>



<div class="wp-block-column is-layout-flow wp-block-column-is-layout-flow" style="flex-basis:33.33%">
<figure class="wp-block-gallery has-nested-images columns-default is-cropped wp-block-gallery-1 is-layout-flex wp-block-gallery-is-layout-flex">
<figure class="wp-block-image size-large" style="margin-top:var(--wp--preset--spacing--50);margin-right:var(--wp--preset--spacing--60);margin-bottom:var(--wp--preset--spacing--50);margin-left:var(--wp--preset--spacing--60)"><img loading="lazy" decoding="async" width="1024" height="754" data-id="392" src="https://artemis79.fr/wp-content/uploads/2026/02/sap-transparent-6-1024x754.png" alt="" class="wp-image-392"/></figure>
</figure>
</div>
</div>
</div>



<div class="wp-block-column has-palette-color-6-background-color has-background is-layout-flow wp-block-column-is-layout-flow" style="border-top-left-radius:16px;border-top-right-radius:16px;border-bottom-left-radius:16px;border-bottom-right-radius:16px;padding-top:var(--wp--preset--spacing--40);padding-right:var(--wp--preset--spacing--40);padding-bottom:var(--wp--preset--spacing--40);padding-left:var(--wp--preset--spacing--40);flex-basis:50%">
<h5 class="wp-block-heading has-text-align-center">Entretien de jardin non éligible au crédit d&rsquo;impôt</h5>



<div class="wp-block-group is-nowrap is-layout-flex wp-container-core-group-is-layout-81943dc8 wp-block-group-is-layout-flex" style="margin-top:var(--wp--preset--spacing--20);margin-bottom:var(--wp--preset--spacing--20)">
<ul class="wp-block-list">
<li>Nettoyage de gouttières</li>



<li>Nettoyage de façade</li>
</ul>
</div>



<hr class="wp-block-separator has-alpha-channel-opacity"/>



<p>Je propose également des prestations d&rsquo;aménagements extérieurs (installation d&rsquo;abri de jardin, pose de clôture, installation de bacs et jardinières en bois, pose de terrasse en bois).</p>



<div class="wp-block-buttons is-content-justification-center is-layout-flex wp-container-core-buttons-is-layout-06fdf436 wp-block-buttons-is-layout-flex" style="margin-top:0;margin-bottom:0;padding-top:0;padding-bottom:0">
<div class="wp-block-button"><a class="wp-block-button__link wp-element-button" href="https://artemis79.fr/index.php/creation-exterieure/">Voir les aménagements extérieurs</a></div>
</div>
</div>
</div>



<p></p>

<p>Profitez de votre jardin sans vous préoccuper de son entretien ! Mes services, dont une majorité est éligible au crédit d&rsquo;impôt, s&rsquo;adaptent à votre extérieur. Le règlement des prestations éligibles au crédit d&rsquo;impôt est possible par CESU préfinancés.Je propose également l&rsquo;avance immédiate sur crédit d&rsquo;impôt. L&rsquo;avance immédiate de crédit d&rsquo;impôt n&rsquo;est pas un service obligatoire [&hellip;]</p>
