{"id":2,"date":"2026-01-07T09:49:39","date_gmt":"2026-01-07T09:49:39","guid":{"rendered":"http:\/\/artemis79.fr\/?page_id=2"},"modified":"2026-03-11T14:48:14","modified_gmt":"2026-03-11T13:48:14","slug":"sample-page","status":"publish","type":"page","link":"https:\/\/artemis79.fr\/","title":{"rendered":"Accueil"},"content":{"rendered":"\n<div class=\"wp-block-media-text has-media-on-the-right is-stacked-on-mobile\" style=\"grid-template-columns:auto 38%\"><div class=\"wp-block-media-text__content\">\n<h4 class=\"wp-block-heading\">Art\u00e9mis 79 est une entreprise d\u00e9clar\u00e9e en&nbsp;Services \u00e0 la personne (SAP)&nbsp;et sp\u00e9cialis\u00e9e dans l\u2019entretien int\u00e9rieur et ext\u00e9rieur de l\u2019habitat.<\/h4>\n\n\n\n<h5 class=\"wp-block-heading has-text-align-center has-palette-color-8-color has-palette-color-2-background-color has-text-color has-background has-link-color wp-elements-04914e8e4a3f0e9ffbdf40c351635d7b\" style=\"border-top-left-radius:20px;border-top-right-radius:20px;border-bottom-left-radius:20px;border-bottom-right-radius:20px;padding-top:var(--wp--preset--spacing--30);padding-right:var(--wp--preset--spacing--20);padding-bottom:var(--wp--preset--spacing--30);padding-left:var(--wp--preset--spacing--20)\"><strong>Secteur : Mauz\u00e9-sur-le-Mignon et 20 kms aux alentours<br>06.16.40.82.80<\/strong><\/h5>\n\n\n\n<div class=\"wp-block-columns are-vertically-aligned-center is-layout-flex wp-container-core-columns-is-layout-28f84493 wp-block-columns-is-layout-flex\">\n<div class=\"wp-block-column is-vertically-aligned-center is-layout-flow wp-block-column-is-layout-flow\" style=\"flex-basis:66.66%\">\n<h5 class=\"wp-block-heading\">Services \u00e9ligibles au cr\u00e9dit d\u2019imp\u00f4t de 50%&nbsp;:<\/h5>\n\n\n\n<ul style=\"margin-top:0;margin-bottom:0;padding-top:0;padding-right:0;padding-bottom:0;padding-left:0\" class=\"wp-block-list\">\n<li style=\"margin-top:0;margin-bottom:0;padding-right:0;padding-left:0\">Entretien des v\u00e9g\u00e9taux : tonte, taille de haie, taille de v\u00e9g\u00e9taux, d\u00e9sherbage et d\u00e9broussaillage l\u00e9ger.<\/li>\n\n\n\n<li>Nettoyage des ext\u00e9rieurs : nettoyage haute pression (terrasse, all\u00e9e pav\u00e9e, etc.), ramassage de feuilles, nettoyage de massifs, dessouchage manuel, \u00e9vacuation des d\u00e9chets verts li\u00e9s \u00e0 l\u2019entretien, nettoyage de mobilier et d&rsquo;abri de jardin, entretien de terrasse en bois.<\/li>\n\n\n\n<li>Petits travaux de bricolage.<\/li>\n<\/ul>\n<\/div>\n\n\n\n<div class=\"wp-block-column is-vertically-aligned-center is-layout-flow wp-block-column-is-layout-flow\" style=\"flex-basis:25%\">\n<figure class=\"wp-block-gallery has-nested-images columns-default is-cropped wp-block-gallery-1 is-layout-flex wp-block-gallery-is-layout-flex\">\n<figure class=\"wp-block-image size-large\" style=\"margin-top:0;margin-right:var(--wp--preset--spacing--50);margin-bottom:0;margin-left:var(--wp--preset--spacing--50)\"><img loading=\"lazy\" decoding=\"async\" width=\"1024\" height=\"754\" data-id=\"433\" src=\"https:\/\/artemis79.fr\/wp-content\/uploads\/2026\/02\/sap-transparent-12-1024x754.png\" alt=\"\" class=\"wp-image-433\" srcset=\"https:\/\/artemis79.fr\/wp-content\/uploads\/2026\/02\/sap-transparent-12-1024x754.png 1024w, https:\/\/artemis79.fr\/wp-content\/uploads\/2026\/02\/sap-transparent-12-300x221.png 300w, https:\/\/artemis79.fr\/wp-content\/uploads\/2026\/02\/sap-transparent-12-768x565.png 768w, https:\/\/artemis79.fr\/wp-content\/uploads\/2026\/02\/sap-transparent-12.png 1058w\" sizes=\"auto, (max-width: 1024px) 100vw, 1024px\" \/><\/figure>\n<\/figure>\n<\/div>\n<\/div>\n\n\n\n<p style=\"margin-top:0;margin-bottom:var(--wp--preset--spacing--60);padding-top:0;padding-bottom:0\"><strong>Le r\u00e8glement de ces prestations est possible par CESU pr\u00e9financ\u00e9s et je propose l\u2019avance imm\u00e9diate sur cr\u00e9dit d\u2019imp\u00f4t.<\/strong><br>L&rsquo;avance imm\u00e9diate de cr\u00e9dit d&rsquo;imp\u00f4t n&rsquo;est pas un service obligatoire et est mis en place par l&rsquo;URSAFF et la Direction G\u00e9n\u00e9rale des Finances Publiques.<\/p>\n\n\n\n<hr class=\"wp-block-separator has-alpha-channel-opacity\"\/>\n\n\n\n<h5 class=\"wp-block-heading\" style=\"margin-top:var(--wp--preset--spacing--60)\">Services non \u00e9ligibles au cr\u00e9dit d\u2019imp\u00f4t&nbsp;tels que :<\/h5>\n\n\n\n<ul style=\"margin-right:0;margin-left:0;padding-right:0;padding-left:0\" class=\"wp-block-list\">\n<li>Am\u00e9nagements ext\u00e9rieurs : pose de terrasses en bois sur plots, cl\u00f4tures, installation de bacs et jardini\u00e8res en bois, parterres de fleurs, etc.<\/li>\n\n\n\n<li>R\u00e9novation int\u00e9rieure : enduit, peinture, pose de papier peint, etc.<\/li>\n\n\n\n<li>Visuels 3D : visuels pour permis de construire, visuels avant r\u00e9novation, etc.<\/li>\n<\/ul>\n<\/div><figure class=\"wp-block-media-text__media\"><img loading=\"lazy\" decoding=\"async\" width=\"861\" height=\"861\" src=\"https:\/\/artemis79.fr\/wp-content\/uploads\/2026\/02\/Ellipse-1-2.png\" alt=\"\" class=\"wp-image-432 size-full\" srcset=\"https:\/\/artemis79.fr\/wp-content\/uploads\/2026\/02\/Ellipse-1-2.png 861w, https:\/\/artemis79.fr\/wp-content\/uploads\/2026\/02\/Ellipse-1-2-300x300.png 300w, https:\/\/artemis79.fr\/wp-content\/uploads\/2026\/02\/Ellipse-1-2-150x150.png 150w, https:\/\/artemis79.fr\/wp-content\/uploads\/2026\/02\/Ellipse-1-2-768x768.png 768w\" sizes=\"auto, (max-width: 861px) 100vw, 861px\" \/><\/figure><\/div>\n\n\n\n<p><\/p>\n","protected":false},"excerpt":{"rendered":"","protected":false},"author":1,"featured_media":0,"parent":0,"menu_order":0,"comment_status":"closed","ping_status":"closed","template":"","meta":{"footnotes":""},"class_list":["post-2","page","type-page","status-publish","hentry"],"blocksy_meta":[],"_links":{"self":[{"href":"https:\/\/artemis79.fr\/index.php\/wp-json\/wp\/v2\/pages\/2","targetHints":{"allow":["GET"]}}],"collection":[{"href":"https:\/\/artemis79.fr\/index.php\/wp-json\/wp\/v2\/pages"}],"about":[{"href":"https:\/\/artemis79.fr\/index.php\/wp-json\/wp\/v2\/types\/page"}],"author":[{"embeddable":true,"href":"https:\/\/artemis79.fr\/index.php\/wp-json\/wp\/v2\/users\/1"}],"replies":[{"embeddable":true,"href":"https:\/\/artemis79.fr\/index.php\/wp-json\/wp\/v2\/comments?post=2"}],"version-history":[{"count":70,"href":"https:\/\/artemis79.fr\/index.php\/wp-json\/wp\/v2\/pages\/2\/revisions"}],"predecessor-version":[{"id":518,"href":"https:\/\/artemis79.fr\/index.php\/wp-json\/wp\/v2\/pages\/2\/revisions\/518"}],"wp:attachment":[{"href":"https:\/\/artemis79.fr\/index.php\/wp-json\/wp\/v2\/media?parent=2"}],"curies":[{"name":"wp","href":"https:\/\/api.w.org\/{rel}","templated":true}]}}